 8*m + a + 58. Let l = -65 + 106. What is the remainder when l is divided by m?
20
Let o be 2*((-138)/(-4) - 4). Let h = o - 24. What is the remainder when h is divided by 14?
9
Let o(p) = 7*p**3 - 3*p + 5*p - 8*p**3 + 3*p**2 + 2. Let m = 18 - 15. What is the remainder when 15 is divided by o(m)?
7
Suppose 8*h - 4*h + 2*n = 84, -12 = -3*n. Calculate the remainder when 113 is divided by h.
18
What is the remainder when ((-24)/2)/(43/(-172)) is divided by 28?
20
Let u be (-8)/(-4) - 6 - 1. Let p = 16 + u. What is the remainder when 32 is divided by p?
10
Suppose 3*r = 3*c + 99 + 264, 0 = -5*r + 2*c + 593. Calculate the remainder when r is divided by (-42)/(-1) + 5/(-10)*4.
37
Suppose 130 = 2*u - 4*x, x = -2*u - 3*x + 122. Calculate the remainder when 439 is divided by u.
61
Let u(z) = z**3 + 7*z**2 + 7*z + 8. Suppose 4*x = 4*a - 5 - 7, 0 = 2*x - 5*a - 3. Let i be u(x). What is the remainder when 9 is divided by (6/8)/(i/8)?
0
Let l = -22 + 16. Let m = l - -8. Suppose m*i = -2*i - 4*z + 40, i = z + 20. What is the remainder when 44 is divided by i?
14
Suppose 5*x = 7*x - 122. Suppose -4*p = -7*i + 2*i - 275, -i = -2*p + x. Calculate the remainder when 33 is divided by i/3*5/(-5).
16
Let s = -2035 + 2057. What is the remainder when 1099 is divided by s?
21
Suppose 0 = 4*r + 2*x + 194, 4*x = r + 37 + 25. Let d = 80 + r. What is the remainder when d is divided by 16?
14
Let t(k) = -5*k + 1 + 1 - k**2 - 5*k**2 - k**3 - k**3. Let r be t(-4). Suppose 8*y = 5*y + r. Calculate the remainder when 71 is divided by y.
17
Let g(x) = x + 171. Calculate the remainder when g(-13) is divided by 10.
8
What is the remainder when 894 is divided by ((-130)/(-25))/(10/25)?
10
Let r(g) = 17*g - 10. Calculate the remainder when (-2)/(-6) - 222/(-9) is divided by r(1).
4
Let s(k) = k**3 + 8*k**2 + 6*k + 9. Let d be s(-7). Suppose d = -v + 52. Calculate the remainder when 213 is divided by v.
33
Suppose 4*f = 1737 + 1123. Suppose -5*w = -0*w + f. Let i = -80 - w. Calculate the remainder when i is divided by 22.
19
Suppose -6 = 2*o - 3*w - 45, 19 = 2*o + w. Suppose 7*u = o*u - 85. Calculate the remainder when u is divided by 9.
8
Let a(g) be the first derivative of -3*g**2/2 - 6*g + 3. Calculate the remainder when 44 + (-1)/(1/(-2)) is divided by a(-6).
10
What is the remainder when 213 is divided by 15/((-17)/((-816)/9))?
53
Let u = -433 + 536. Calculate the remainder when u is divided by 52.
51
What is the remainder when (5 - -27*15) + -4 is divided by 34?
32
Let b(l) = l**3 - l**2 - 4*l + 2. Let r be b(3). Let q = r - -17. Suppose -t + 0*t + q = 0. Calculate the remainder when t is divided by 7.
4
Let c = -1 + 5. Suppose 3*r + c*j = 12, -2*r - r + 4*j = -36. Calculate the remainder when 29 is divided by r.
5
Let b = 1478 + -1472. What is the remainder when 41 is divided by b?
5
Let x(t) = 14*t + 0*t**2 - 9*t - 43 + 2*t**2 + 30*t. What is the remainder when 1/(2/67)*2 is divided by x(-19)?
11
Suppose 4*r - 3*y = 2*y + 135, -4*r + 3*y = -145. Let o(j) = 6*j - 6. Calculate the remainder when -3 + r + (-8)/4 is divided by o(4).
17
Calculate the remainder when (-5 - -7)/(6522/1629 + -4) is divided by 42.
39
Let j = 214 - -3. What is the remainder when j is divided by 44?
41
What is the remainder when 877 is divided by -80*(-5)/(-70)*-7?
37
Let s = 79 + -33. Let q(h) = 10*h**2 - 14*h - 18. Let l(r) = -3*r**2 + 5*r + 6. Let d(w) = 7*l(w) + 2*q(w). What is the remainder when s is divided by d(5)?
14
Suppose 0*g = -5*g + 90. Suppose 34 = -g*r + 20*r. What is the remainder when ((-9)/(-3))/((-9)/(-201)) is divided by r?
16
Let m = 16 - 10. Suppose 12*t + 165 = -891. Let j = -61 - t. What is the remainder when j is divided by m?
3
Suppose 0 = -d - 5*t + t + 60, 2*d = -3*t + 110. Suppose -182 = -135*i + 122*i. Calculate the remainder when d is divided by i.
10
Let m(q) be the third derivative of q**4/12 - q**3 + 24*q**2. What is the remainder when m(8) is divided by 2*1*(-12)/(-8)?
1
Suppose -172*h - 1568 = -179*h. What is the remainder when h is divided by 77?
70
What is the remainder when (-2 - (-7 - -7))*(-283)/1 is divided by 57?
53
Let f be (12/(-9))/(1/3). Suppose 2 = -m + 3. Calculate the remainder when (3 + f)*(-3 + 2) is divided by m.
0
Let h = -465 - -483. Calculate the remainder when 103 is divided by h.
13
Let d(s) = 4*s**3 - 28*s**2 + 12*s - 13. What is the remainder when d(7) is divided by 6?
5
Let z be 1 - 2 - (-1 + -3). Calculate the remainder when z/(-6) + 7/2 is divided by 2.
1
Let l(p) = -p**2 + 13*p - 9. Let y be l(9). Let z = 32 - y. Calculate the remainder when 8 is divided by z.
3
Let k(w) = -w**2 + 2*w - 10. Let p be k(0). What is the remainder when 155 is divided by 26/6*(-1 - p)?
38
Let x(d) = -d**3 - d**2 - d + 51. Let q be x(0). Suppose m - q = -2*m. Suppose -2*k + 4 + 8 = 0. Calculate the remainder when m is divided by k.
5
Let a(r) = -r + 1. Let m be a(1). Suppose 5*x - 68 + 13 = m. Calculate the remainder when 54 is divided by x.
10
Let c = 1131 - 1100. Calculate the remainder when 305 is divided by c.
26
Suppose 0 = -2*y - 4 + 4. Suppose 24 = 3*t + 3*u, t + y*u + 4*u - 11 = 0. What is the remainder when 40 is divided by t?
5
Let v(p) = -p**3 + 12*p**2 + 48*p - 34. Let l(y) = y**3 + 10*y**2 - 2*y - 14. What is the remainder when v(15) is divided by l(-10)?
5
Let t be 3*2/(-2) - 27/9. What is the remainder when ((-4)/(-6) - 2)*t is divided by 5?
3
Let r = 352 - 342. What is the remainder when 147 is divided by r?
7
Let h = -778 + 788. What is the remainder when 21 is divided by h?
1
Let w be 6/(-24) + (-18)/(-8). Suppose 0 = -4*r - w*r + 114. What is the remainder when 34 is divided by r?
15
Let p(d) be the first derivative of -d**4/4 - 4*d**3/3 + 9*d**2/2 + 4*d + 7. What is the remainder when 109 is divided by p(-6)?
21
Let o(g) = g**2 - 8*g - 3. Suppose 0 = 7*p - 6*p - 10. Calculate the remainder when (-2934)/(-45) + 2/(-10) is divided by o(p).
14
Let t be (-3)/6*(-3 + 3). Suppose t = 2*u + 2*u + 2*w - 24, 4*u = -5*w + 18. What is the remainder when 19 is divided by u?
5
Let j = 2 - -4. Suppose 0 = v + 6 - 23. Calculate the remainder when v is divided by 3/4*4 + j.
8
Calculate the remainder when 1312 is divided by (73/8)/(-1 - (-18)/16).
71
Let n(f) = -f**3 + 16*f**2 - 23*f + 43. Calculate the remainder when n(11) is divided by 132.
131
Suppose 9*s = 31 + 41. Let h(d) = d**2 - 5*d + 3. What is the remainder when h(8) is divided by s?
3
Suppose -8*t + 3*t - 70 = 0. Calculate the remainder when (t/4)/(-1*3/36) is divided by 11.
9
Let m = 71 + -42. Let r = -99 - -139. Let h = 50 - r. What is the remainder when m is divided by h?
9
Let f be (-48)/(-21) + 2/(-7). Calculate the remainder when (-4 - 70/(-20))*(-3 + -57) is divided by ((-1)/(-2))/(f/44).
8
Let q = -39 + 23. Let m(i) = -i**2 - 18*i + 3. Calculate the remainder when m(q) is divided by 18.
17
Let k(f) = 5*f**3 - 5*f**2 + 4*f - 3. What is the remainder when k(3) is divided by 38?
23
Let b(m) = m**3 - 5*m**2 - m + 5. Let r be b(5). What is the remainder when 13 + (2 - r) + -1 is divided by 8?
6
Let o(h) = 15*h - 403. Calculate the remainder when o(28) is divided by 11.
6
Let k(i) = -i + 10. Let r be k(12). Let o be (r - -1) + 1 + -3. Let t = o - -10. Calculate the remainder when 13 is divided by t.
6
Let s = -113 + 139. Calculate the remainder when 294 is divided by s.
8
Let q = 4 - 2. Let a = 22 - 35. Calculate the remainder when 0 + 0 - a - q is divided by 7.
4
Let j(g) = -g**2 - 10*g + 14. Let w be j(-12). Let n = w + 18. Suppose c - 6 = 15. What is the remainder when c is divided by n?
5
Let m(k) = k**3 - 17*k**2 + 31*k + 3. Suppose -2*q - l + 8 + 3 = 0, 4*l = 20. What is the remainder when m(15) is divided by q?
0
Suppose 6*p - 3*p - 90 = 0. Suppose -4*t + 38 + p = 0. Suppose -i - w + 0*w + 8 = 0, 0 = i - 3*w - 12. What is the remainder when t is divided by i?
8
Suppose -136*c + 157*c = 504. What is the remainder when c is divided by (1 - (0 - 1)) + 14?
8
Suppose 10*j = -2*j + 228. Let d = 1 + -2. Calculate the remainder when (74/6)/(d/(-6)) is divided by j.
17
Let p be 2*((-84)/8)/1. What is the remainder when (-18)/4*((-66)/9 + -2) is divided by ((-36)/(-2))/(p/(-14))?
6
Suppose 3*w + 8*w = 55. Suppose w*l - 103 = -2*c, 2 = l + 3. What is the remainder when c is divided by 14?
12
Cal